78 + 182. Let o = 115 - h. Calculate the greatest common factor of 77 and o.
11
Let s be -9 + 2*(-15)/10. Let j be -7 + (-90)/s - 14/4. Let g be (j - 10)/((-1)/3). Calculate the greatest common factor of 3 and g.
3
Let m be 11/22 + (1 - (-7)/2). Suppose -4*s = m*c - 579, -s + 699 = 4*s - 2*c. What is the highest common divisor of s and 94?
47
Let h = 233 + -214. Let l(y) = -19*y - 57. Let o be l(-15). What is the highest common divisor of h and o?
19
Let p be 2*(147/6)/7. Suppose 102 = p*m - 73. What is the highest common divisor of m and 10?
5
Let y be 6/10*1*40/(-4) - -214. Let v(a) = 6*a**2 - 3*a + 2. Let t be v(3). Let d = 73 - t. What is the greatest common divisor of y and d?
26
Let h = 255 - 233. Let l be (2 - 107)/((-11)/h). What is the greatest common factor of l and 60?
30
Let c = 1442 - 1432. Calculate the greatest common divisor of 2230 and c.
10
Let o be 192*(8/(-100) - 372/(-900)). What is the greatest common divisor of o and 1056?
32
Suppose -438*h = 261*h - 41622654. Calculate the highest common divisor of h and 38.
38
Let z(g) = -g**2 - 26*g - 30. Let x be z(-25). Let j be ((x - -12) + -10)*(-1)/(-3). Let s be 13*5/(j + 6). What is the highest common factor of s and 104?
13
Let n(x) = x**2 + 15*x + 45. Let t be n(-14). Suppose t = -8*h + 551. Let o(u) = u - 3. Let y be o(8). Calculate the highest common divisor of y and h.
5
Suppose u - 7*d - 547 = -6*d, -4*u = -5*d - 2197. What is the highest common factor of u and 5111?
269
Let k = -30156 + 30166. Calculate the greatest common divisor of k and 6410.
10
Let t = -13 - -13. Let r be 65 + 2 + t/(-2). Suppose -r + 292 = 5*k. What is the highest common factor of 30 and k?
15
Let g(u) = u**3 - 12*u**2 + 21*u + 48. Suppose 2*f - 17*f + 165 = 0. Let z be g(f). What is the greatest common factor of z and 79?
79
Let x = -68 - -66. Let k be -1 - (-1 - (-1)/(x/(-596))). Let c = k + 540. Calculate the greatest common factor of c and 22.
22
Suppose -28 = 4*n, h - 1213 = -5*n + 5598. Calculate the greatest common divisor of 21 and h.
21
Let n be ((-944)/16)/((-3)/9). What is the highest common factor of n and 15?
3
Let s(t) = -t**3 + 7*t**2 - 4. Let h be s(6). Suppose -4*a + 78 = 3*n - 821, -4*a + 898 = 2*n. What is the highest common factor of h and a?
32
Suppose 17*b = -4015 + 870. Let i = -159 - b. Calculate the greatest common factor of 26 and i.
26
Suppose -8*u = -11*u + 15. Suppose -u*s = -2*d - 28, -s + 3*s + 4 = -3*d. Let y be 4 + (-9)/d*684/19. What is the highest common divisor of 34 and y?
17
Suppose 9*m - 6210 = 3*m. Suppose -4*w - 3*p = 777 - 2892, 0 = 2*w - 3*p - m. Calculate the highest common factor of w and 21.
21
Let i = -883 - -1778. Let k = i + -349. Calculate the highest common factor of k and 14.
14
Let g(d) = -102*d + 1242. Let r be g(12). Calculate the highest common divisor of 246 and r.
6
Let m = -14499 + 14525. Calculate the highest common divisor of 62634 and m.
26
Let a(s) = s**2 + 9*s - 20. Let f be a(-10). Let z be (-5)/f + 82/4. What is the highest common divisor of z and 28?
7
Let q be 704/12 - (-4)/(-6). Suppose -r = -w + 3*r + 13, 2*w = -5*r + 78. Calculate the highest common factor of w and q.
29
Suppose 20724 + 53226 = 30*m. Calculate the highest common factor of 145 and m.
145
Suppose -25*n = -0 - 550. Let s be 11*(-3)/(-1) - 0. What is the highest common factor of n and s?
11
Let g = 336 + -332. Suppose -g*w + 360 = -2*p, 4*w - 452 = -w + 2*p. Calculate the greatest common factor of w and 46.
46
Suppose -2*q + 2 + 15 = s, q - 11 = -s. Suppose 26 = 4*r - q. Let a be (-4 - 2)*r/(-2 + 0). What is the highest common factor of 48 and a?
24
Let f be -1180*(9/10)/((-6)/95). Suppose -6*j = -j - 4*m + 84162, 5*m = -j - f. Let a be j/(-105) + (-4)/14. What is the highest common divisor of 64 and a?
32
Suppose -4*w + 6 = -3*w. Suppose -5*f + 30 = 5*l, l - w*l + 18 = -f. Suppose 5*n - 18 = 4*q, 0 = l*q + q - 15. Calculate the highest common divisor of n and 66.
6
Let u be 120*(6/(-4) - -2). Suppose -11*y - u = -y. Let g be 9/y - (-474)/4. What is the greatest common factor of 78 and g?
39
Let j = -134 - -137. Suppose -45 = -2*p + i, -j*p + 5*i = 10*i - 48. Calculate the greatest common factor of 28 and p.
7
Let v be (-49)/(-5) - (-18)/(1980/22). Suppose 5*c - 66 = 19. Suppose 4*j + c - 457 = 0. What is the highest common factor of j and v?
10
Suppose 1324*q = 1337*q - 9061. Calculate the highest common divisor of 2911 and q.
41
Suppose 13*c = 9*c + 4*t + 108, 4*t + 33 = c. Let u be (24/(-18))/((-20)/225). What is the highest common factor of u and c?
5
Let z(n) = 2*n**3 - 3*n**2 - 4*n + 2. Let h be z(3). Suppose 4*v + 0*t = -2*t + 146, 0 = -t + 5. What is the highest common divisor of h and v?
17
Let k be (-45)/18*(-7)/(385/10208). Calculate the highest common divisor of k and 12.
4
Suppose 26 = 69*d - 66*d + 2*h, -6 = 3*h. Calculate the greatest common divisor of d and 4315.
5
Let n(v) = -11*v. Let r be n(-1). Suppose -13*p + 14*p - 62 = 0. Let q = p - 40. Calculate the highest common factor of q and r.
11
Let d = -16311 + 18097. What is the highest common divisor of 190 and d?
38
Let b(z) = -z**3 + 2*z**2 + 14*z + 713. Let i be b(0). Let p be i/2*(-5 + (-91)/(-13)). Calculate the greatest common factor of p and 31.
31
Let s be 93/2 + (-7)/2. Let x be 0 + 10*(s + 2). What is the highest common factor of 45 and x?
45
Suppose 2 = -5*a - 5*q + 7, 4*a - 2*q - 16 = 0. Suppose -n = l - 633, a*n - 3 = 4*n. What is the highest common factor of 12 and l?
12
Let d(m) = -59*m**3 - 2*m**2 + 18*m + 33. Let n be d(-3). Suppose -34*x = -32*x - n. Calculate the highest common factor of 21 and x.
21
Let a(o) = 11*o**2 - 38*o + 1451. Let z be a(29). Calculate the highest common factor of z and 25.
25
Let a be (-64493)/55 - 2/5. Let f = a + 678. Let g = 729 + f. What is the greatest common divisor of 39 and g?
39
Let f(u) = 6*u**2 - 115*u + 1926. Let x be f(17). Calculate the highest common factor of 403 and x.
31
Suppose 5*b = 5*s - 475, 4*s = b + 201 + 158. Calculate the greatest common divisor of 539 and s.
11
Let u = 401 + -398. Suppose 445 = 4*h + t, -u*h - t + 221 = -h. Calculate the greatest common factor of 21 and h.
7
Let r(s) = s - 3. Let v be r(5). Let g(d) = -d**2 - 4*d + 4. Let p be g(-3). Suppose v = w - p. What is the highest common factor of 9 and w?
9
Let o(m) = -7*m - 3. Let f be o(16). Let b = 75 - f. Let i = b - 3. What is the highest common divisor of 11 and i?
11
Suppose -u = -3*a - 267 - 663, 1940 = 2*u + 4*a. Calculate the highest common factor of 126 and u.
18
Let g(d) = 118*d - 5. Let j(c) = 59*c - 3. Let q = 64 - 60. Let h(y) = q*g(y) - 7*j(y). Let s be h(1). What is the highest common divisor of s and 24?
12
Suppose 0 = 8*t - 5*f - 4541, -56*t - 2*f = -61*t + 2846. What is the highest common factor of 11011 and t?
143
Suppose -l + 13 - 44 = 0. Let a(z) = z**3 + 30*z**2 - 32*z + 9. Let m be a(l). Calculate the highest common divisor of m and 10.
10
Let x = 2741 - 576. Calculate the highest common factor of x and 5.
5
Let o be 256/26 + -10 + 16230/39. What is the greatest common factor of 104 and o?
104
Let x be (4/26)/1 - 11644/(-26). Let p be ((-28)/(-16))/(8/x). Calculate the highest common factor of p and 56.
14
Let v = -5443 - -5677. What is the greatest common factor of 153 and v?
9
Let a be (-36)/21*1708/(-3). What is the highest common divisor of a and 80?
16
Let q = -84 - -100. Let p be (q/36)/(2/117). Suppose -s + 208 = s. What is the highest common divisor of s and p?
26
Let r(c) = 341*c - 1524. Let q be r(8). Calculate the greatest common factor of q and 2580.
172
Let k be 55*(-30)/25*2215/(-30). Calculate the greatest common divisor of 11 and k.
11
Let i = -263 + 303. Suppose -15*w + 20*w = 50. Calculate the greatest common factor of i and w.
10
Suppose -6*f + 318 = -114. Let m be (1/(-3))/(f/(-4752)). Calculate the highest common factor of 242 and m.
22
Let s(q) = -q**2 - 135*q - 3610. Let h be s(-50). Calculate the greatest common factor of 2000 and h.
80
Let j(t) = 5*t**2 - 257*t - 901. Let g be j(-4). Let h = -5 + 23. What is the greatest common divisor of h and g?
9
Suppose -581*x + 1535 = -1370. Calculate the highest common divisor of 139 and x.
1
Let u = -34 + 29. Let s be u/3 + -1*8/(-12). Let p = s + 34. What is the greatest comm